{"id":1041,"date":"2023-06-06T15:17:51","date_gmt":"2023-06-06T15:17:51","guid":{"rendered":"https:\/\/www.ciefaa.com\/index.php\/introduits-moi-2\/"},"modified":"2023-06-08T14:37:29","modified_gmt":"2023-06-08T14:37:29","slug":"penosa","status":"publish","type":"page","link":"https:\/\/www.ciefaa.com\/index.php\/penosa\/","title":{"rendered":"PROGRAMME \u00c9CHANGEONS NOS SAVOIRS (PENOSA)"},"content":{"rendered":"<div  class='avia-image-container  av-styling-  noHover  av-overlay-hover-deactivate   avia-builder-el-0  el_before_av_one_third  avia-builder-el-first  avia-align-center '  itemprop=\"image\" itemscope=\"itemscope\" itemtype=\"https:\/\/schema.org\/ImageObject\"  ><div class='avia-image-container-inner'><div class='avia-image-overlay-wrap'><div class='av-image-caption-overlay'><div class='av-caption-image-overlay-bg' style='opacity:0.4; background-color:#000000; '><\/div><div class='av-image-caption-overlay-position'><div class='av-image-caption-overlay-center' style='color:#ffffff; '><p>Formation > INTRODUITS-MOI<\/p>\n<\/div><\/div><\/div><img decoding=\"async\" class='wp-image-527 avia-img-lazy-loading-not-527 avia_image' src=\"https:\/\/www.ciefaa.com\/wp-content\/uploads\/2021\/07\/entete.jpeg\" alt='' title='entete' height=\"112\" width=\"1080\"  itemprop=\"thumbnailUrl\"  \/><\/div><\/div><\/div>\n<div class=\"flex_column av_one_third  flex_column_div av-zero-column-padding first  avia-builder-el-1  el_after_av_image  el_before_av_two_third  \" style='border-radius:0px; '><p><section class=\"av_textblock_section \"  itemscope=\"itemscope\" itemtype=\"https:\/\/schema.org\/CreativeWork\" ><div class='avia_textblock  '   itemprop=\"text\" ><p><strong>Lire aussi<\/strong><\/p>\n<\/div><\/section><br \/>\n<div   class='hr hr-default   avia-builder-el-3  el_after_av_textblock  el_before_av_button_big  avia-builder-el-last '><span class='hr-inner ' ><span class='hr-inner-style'><\/span><\/span><\/div><br \/>\n<div  class='avia-button-wrap avia-button-center  avia-builder-el-4  el_after_av_hr  el_before_av_button_big ' ><a href='https:\/\/www.ciefaa.com\/index.php\/introduits-moi\/' class='avia-button avia-button-fullwidth  avia-font-color-black avia-icon_select-no avia-color-light '   ><span class='avia_iconbox_title' >Formations<\/span><span class='avia_button_background avia-button avia-button-fullwidth avia-color-light' ><\/span><\/a><\/div><br \/>\n<div  class='avia-button-wrap avia-button-center  avia-builder-el-5  el_after_av_button_big  el_before_av_button_big ' ><a href='https:\/\/www.ciefaa.com\/index.php\/biosecurite-ferme\/' class='avia-button avia-button-fullwidth  avia-font-color-black avia-icon_select-no avia-color-light '   ><span class='avia_iconbox_title' >\u00c9tudes Socio-\u00c9conomiques Et Environnementales<\/span><span class='avia_button_background avia-button avia-button-fullwidth avia-color-light' ><\/span><\/a><\/div><br \/>\n<div  class='avia-button-wrap avia-button-center  avia-builder-el-6  el_after_av_button_big  avia-builder-el-last ' ><a href='https:\/\/www.ciefaa.com\/index.php\/introduits-moi\/' class='avia-button avia-button-fullwidth  avia-font-color-black avia-icon_select-no avia-color-light '   ><span class='avia_iconbox_title' >Conf\u00e9rences<\/span><span class='avia_button_background avia-button avia-button-fullwidth avia-color-light' ><\/span><\/a><\/div><\/p><\/div>\n<div class=\"flex_column av_two_third  flex_column_div av-zero-column-padding   avia-builder-el-7  el_after_av_one_third  el_before_av_hr  \" style='border-radius:0px; '><section class=\"av_textblock_section \"  itemscope=\"itemscope\" itemtype=\"https:\/\/schema.org\/CreativeWork\" ><div class='avia_textblock  '   itemprop=\"text\" ><ul>\n<li><strong>PROGRAMME \u00c9CHANGEONS NOS SAVOIRS (PENOSA)<\/strong><\/li>\n<\/ul>\n<p align=\"JUSTIFY\">Fid\u00e8le \u00e0 sa vision qui est d\u2019\u00eatre un acteur incontournable dans l\u2019accompagnement et l\u2019am\u00e9lioration du capital humain du monde agricole et agroalimentaire, le Centre international d\u2019\u00e9tudes et de formation en agriculture et agroalimentaire (CIEFAA) a d\u00e9velopp\u00e9 une nouvelle initiative d\u00e9nomm\u00e9e Programme \u00c9CHANGEONS NOS SAVOIRS (PENOSA). \u00c9CHANGEONS NOS SAVOIRS est un programme du donner et du recevoir en mati\u00e8re de savoir, du savoir-\u00eatre et du savoir-faire, entre les producteurs agricoles, les regroupements et les organisations de producteurs agricoles du Sud et du Nord. Plus pr\u00e9cis\u00e9ment, ce programme consiste \u00e0 accompagner les formations r\u00e9alis\u00e9es par le CIEFAA, de stage pratique ou de visite d\u2019\u00e9change dans des structures agricoles et agroalimentaires au Canada. Ainsi, par le biais de ce programme, le CIEFAA entend am\u00e9liorer les connaissances et les pratiques des stagiaires ou visiteurs et de leurs organisations, en les outillant d\u2019exp\u00e9riences pratiques acquises au Canada. Ceci est la suite logique de notre mission, qui \u00e0 la base, se<br \/>\nveut un processus d\u2019accompagnement continu et permanent.<\/p>\n<p align=\"JUSTIFY\">\nEn pratique, le PENOSA va\u00a0:<\/p>\n<p align=\"JUSTIFY\">\n&#8211; Am\u00e9liorer la pratique des techniques de production et de gestion.<br \/>\n&#8211; Permettre aux acteurs du monde agricole et agroalimentaire du Canada de partager leurs savoir-faire et meilleures pratiques avec leurs homologues du Sud et d\u00e9velopper des partenariats.<br \/>\n&#8211; Permettre aux participants d\u2019\u00e9tendre leur r\u00e9seau professionnel et personnel de contacts au-del\u00e0 duprogramme.<br \/>\n&#8211; Favoriser le changement d\u2019attitude, l\u2019ouverture d\u2019esprit et le libre arbitre.<\/p>\n<\/div><\/section><\/div><div   class='hr hr-default   avia-builder-el-9  el_after_av_two_third  el_before_av_one_full '><span class='hr-inner ' ><span class='hr-inner-style'><\/span><\/span><\/div><\/p>\n<div class=\"flex_column av_one_full  flex_column_div av-zero-column-padding first  avia-builder-el-10  el_after_av_hr  el_before_av_one_full  \" style='border-radius:0px; '><\/div>\n<div class=\"flex_column av_one_full  flex_column_div av-zero-column-padding first  avia-builder-el-11  el_after_av_one_full  avia-builder-el-last  column-top-margin\" style='border-radius:0px; '><\/div>\n","protected":false},"excerpt":{"rendered":"","protected":false},"author":1,"featured_media":0,"parent":0,"menu_order":0,"comment_status":"closed","ping_status":"closed","template":"","meta":{"footnotes":""},"class_list":["post-1041","page","type-page","status-publish","hentry"],"_links":{"self":[{"href":"https:\/\/www.ciefaa.com\/index.php\/wp-json\/wp\/v2\/pages\/1041","targetHints":{"allow":["GET"]}}],"collection":[{"href":"https:\/\/www.ciefaa.com\/index.php\/wp-json\/wp\/v2\/pages"}],"about":[{"href":"https:\/\/www.ciefaa.com\/index.php\/wp-json\/wp\/v2\/types\/page"}],"author":[{"embeddable":true,"href":"https:\/\/www.ciefaa.com\/index.php\/wp-json\/wp\/v2\/users\/1"}],"replies":[{"embeddable":true,"href":"https:\/\/www.ciefaa.com\/index.php\/wp-json\/wp\/v2\/comments?post=1041"}],"version-history":[{"count":1,"href":"https:\/\/www.ciefaa.com\/index.php\/wp-json\/wp\/v2\/pages\/1041\/revisions"}],"predecessor-version":[{"id":1044,"href":"https:\/\/www.ciefaa.com\/index.php\/wp-json\/wp\/v2\/pages\/1041\/revisions\/1044"}],"wp:attachment":[{"href":"https:\/\/www.ciefaa.com\/index.php\/wp-json\/wp\/v2\/media?parent=1041"}],"curies":[{"name":"wp","href":"https:\/\/api.w.org\/{rel}","templated":true}]}}