{"id":875,"date":"2023-01-11T13:03:01","date_gmt":"2023-01-11T13:03:01","guid":{"rendered":"https:\/\/www.ciefaa.com\/index.php\/vision-3\/"},"modified":"2023-12-03T14:45:01","modified_gmt":"2023-12-03T14:45:01","slug":"cultivons-excellence","status":"publish","type":"page","link":"https:\/\/www.ciefaa.com\/index.php\/cultivons-excellence\/","title":{"rendered":"Projet \u00ab Cultivons l\u2019excellence \u00bb"},"content":{"rendered":"<div class=\"flex_column av_one_full  flex_column_div av-zero-column-padding first  avia-builder-el-0  el_before_av_hr  avia-builder-el-first  \" style='border-radius:0px; '><section class=\"av_textblock_section \"  itemscope=\"itemscope\" itemtype=\"https:\/\/schema.org\/CreativeWork\" ><div class='avia_textblock  '   itemprop=\"text\" ><div class=\"flex-1 overflow-hidden\">\n<div class=\"react-scroll-to-bottom--css-ystdz-79elbk h-full\">\n<div class=\"react-scroll-to-bottom--css-ystdz-1n7m0yu\">\n<div class=\"flex flex-col pb-9 text-sm\">\n<div class=\"w-full text-token-text-primary\" data-testid=\"conversation-turn-3\">\n<div class=\"px-4 py-2 justify-center text-base md:gap-6 m-auto\">\n<div class=\"flex flex-1 text-base mx-auto gap-3 md:px-5 lg:px-1 xl:px-5 md:max-w-3xl lg:max-w-&#091;40rem&#093; xl:max-w-&#091;48rem&#093; } group final-completion\">\n<div class=\"relative flex w-full flex-col lg:w-&#091;calc(100%-115px)&#093; agent-turn\">\n<div class=\"flex-col gap-1 md:gap-3\">\n<div class=\"flex flex-grow flex-col max-w-full\">\n<div class=\"min-h-&#091;20px&#093; text-message flex flex-col items-start gap-3 whitespace-pre-wrap break-words &#091;.text-message+&#038;&#093;:mt-5 overflow-x-auto\" data-message-author-role=\"assistant\" data-message-id=\"410cbaf5-9485-453b-a374-add372c41cb0\">\n<div class=\"markdown prose w-full break-words dark:prose-invert dark\">\n<p>Le projet \u00ab Cultivons l\u2019excellence \u00bb initi\u00e9 par le Centre international d\u2019\u00e9tude et de formation en agriculture et en agroalimentaire (CIEFAA) dans sa mission d&rsquo;\u00eatre un partenaire privil\u00e9gi\u00e9 et une r\u00e9f\u00e9rence incontournable dans le domaine de l\u2019agriculture et de l\u2019agroalimentaire en Afrique. Cette initiative s\u2019inscrit dans sa vision d&rsquo;\u00eatre un acteur incontournable dans le d\u00e9veloppement social des communaut\u00e9s rurales.<\/p>\n<p>L\u2019objectif du projet est de favoriser et de promouvoir l\u2019excellence scolaire dans les milieux ruraux en Afrique. Conscient du r\u00f4le crucial de la jeunesse et des \u00e9tudes dans le d\u00e9veloppement du monde agricole, le CIEFAA entend mener et soutenir des actions sociales dans les milieux ruraux.\u00a0 Le CIEFAA offre au travers de la culture de l\u2019excellence scolaire des m\u00e9canismes de soutien vari\u00e9s, incluant des appuis financiers, mat\u00e9riels et moraux, destin\u00e9s \u00e0 encourager et \u00e0 accompagner les jeunes talents, futurs potentiels acteurs du monde agricole.<\/p>\n<ul>\n<li>Le soutien financier vise \u00e0 all\u00e9ger le fardeau financier des apprenants talentueux issus des milieux ruraux, leur offrant ainsi l\u2019opportunit\u00e9 de poursuivre leurs \u00e9tudes. Cette approche vise \u00e0 lever les barri\u00e8res \u00e9conomiques qui pourraient entraver l\u2019acc\u00e8s \u00e0 l\u2019\u00e9ducation.<\/li>\n<li>Le soutien mat\u00e9riel vise \u00e0 doter les apprenants des outils n\u00e9cessaires pour exceller dans leurs \u00e9tudes. Cela inclut les fournitures scolaires qui contribuent \u00e0 cr\u00e9er un environnement propice \u00e0 l\u2019apprentissage.<\/li>\n<li>Enfin, le soutien moral octroy\u00e9 par le projet \u00ab Cultivons l\u2019excellence \u00bb repose sur les conseils, les encouragements, et l\u2019orientation. Ces initiatives visent \u00e0 d\u00e9velopper non seulement les comp\u00e9tences acad\u00e9miques, mais \u00e9galement les comp\u00e9tences personnelles des apprenants, les pr\u00e9parant ainsi \u00e0 jouer un r\u00f4le actif et positif dans le secteur agricole \u00e0 l\u2019avenir.<\/li>\n<\/ul>\n<p>Le projet \u00ab Cultivons l\u2019excellence \u00bb repr\u00e9sente une d\u00e9marche exhaustive et engag\u00e9e pour stimuler l\u2019excellence scolaire dans les milieux ruraux en Afrique, men\u00e9e gr\u00e2ce \u00e0 la force de nos partenariats et le soutien de nos valeureux donateurs.<\/p>\n<\/div>\n<\/div>\n<\/div>\n<\/div>\n<\/div>\n<\/div>\n<\/div>\n<\/div>\n<\/div>\n<\/div>\n<\/div>\n<\/div>\n<\/div><\/section><\/div>\n<div   class='hr hr-default   avia-builder-el-2  el_after_av_one_full  avia-builder-el-last '><span class='hr-inner ' ><span class='hr-inner-style'><\/span><\/span><\/div>\n","protected":false},"excerpt":{"rendered":"","protected":false},"author":1,"featured_media":0,"parent":0,"menu_order":0,"comment_status":"closed","ping_status":"closed","template":"","meta":{"footnotes":""},"class_list":["post-875","page","type-page","status-publish","hentry"],"_links":{"self":[{"href":"https:\/\/www.ciefaa.com\/index.php\/wp-json\/wp\/v2\/pages\/875","targetHints":{"allow":["GET"]}}],"collection":[{"href":"https:\/\/www.ciefaa.com\/index.php\/wp-json\/wp\/v2\/pages"}],"about":[{"href":"https:\/\/www.ciefaa.com\/index.php\/wp-json\/wp\/v2\/types\/page"}],"author":[{"embeddable":true,"href":"https:\/\/www.ciefaa.com\/index.php\/wp-json\/wp\/v2\/users\/1"}],"replies":[{"embeddable":true,"href":"https:\/\/www.ciefaa.com\/index.php\/wp-json\/wp\/v2\/comments?post=875"}],"version-history":[{"count":15,"href":"https:\/\/www.ciefaa.com\/index.php\/wp-json\/wp\/v2\/pages\/875\/revisions"}],"predecessor-version":[{"id":1093,"href":"https:\/\/www.ciefaa.com\/index.php\/wp-json\/wp\/v2\/pages\/875\/revisions\/1093"}],"wp:attachment":[{"href":"https:\/\/www.ciefaa.com\/index.php\/wp-json\/wp\/v2\/media?parent=875"}],"curies":[{"name":"wp","href":"https:\/\/api.w.org\/{rel}","templated":true}]}}